181
What are the prime factors of 1110?
2, 3, 5, 37
List the prime factors of 6664.
2, 7, 17
List the prime factors of 448.
2, 7
List the prime factors of 7251.
3, 2417
What are the prime factors of 5754?
2, 3, 7, 137
What are the prime factors of 1441?
11, 131
List the prime factors of 29975.
5, 11, 109
What are the prime factors of 4319?
7, 617
List the prime factors of 38743.
17, 43, 53
What are the prime factors of 4027?
4027
What are the prime factors of 246?
2, 3, 41
List the prime factors of 7984.
2, 499
What are the prime factors of 1655?
5, 331
What are the prime factors of 78624?
2, 3, 7, 13
What are the prime factors of 598?
2, 13, 23
List the prime factors of 17853.
3, 11, 541
What are the prime factors of 761?
761
List the prime factors of 20055.
3, 5, 7, 191
List the prime factors of 50006.
2, 11, 2273
List the prime factors of 32612.
2, 31, 263
List the prime factors of 44154.
2, 3, 11, 223
What are the prime factors of 21278?
2, 10639
List the prime factors of 1934.
2, 967
What are the prime factors of 1530?
2, 3, 5, 17
What are the prime factors of 8537?
8537
List the prime factors of 46187.
46187
List the prime factors of 94462.
2, 73, 647
What are the prime factors of 1717?
17, 101
What are the prime factors of 7327?
17, 431
List the prime factors of 117.
3, 13
What are the prime factors of 37768?
2, 4721
What are the prime factors of 8861?
8861
What are the prime factors of 2772?
2, 3, 7, 11
List the prime factors of 33643.
17, 1979
What are the prime factors of 649?
11, 59
What are the prime factors of 43210?
2, 5, 29, 149
What are the prime factors of 2135?
5, 7, 61
List the prime factors of 4025.
5, 7, 23
List the prime factors of 2983.
19, 157
List the prime factors of 152736.
2, 3, 37, 43
List the prime factors of 59741.
11, 5431
List the prime factors of 1615.
5, 17, 19
List the prime factors of 8930.
2, 5, 19, 47
List the prime factors of 40761.
3, 7, 647
What are the prime factors of 33388?
2, 17, 491
List the prime factors of 17791.
17791
List the prime factors of 4207.
7, 601
What are the prime factors of 6104?
2, 7, 109
List the prime factors of 31745.
5, 7, 907
List the prime factors of 33.
3, 11
List the prime factors of 52095.
3, 5, 23, 151
What are the prime factors of 1167?
3, 389
What are the prime factors of 1846?
2, 13, 71
What are the prime factors of 789?
3, 263
What are the prime factors of 12110?
2, 5, 7, 173
What are the prime factors of 14286?
2, 3, 2381
List the prime factors of 788.
2, 197
What are the prime factors of 3450?
2, 3, 5, 23
List the prime factors of 2907.
3, 17, 19
What are the prime factors of 2022?
2, 3, 337
What are the prime factors of 1136?
2, 71
What are the prime factors of 10577?
7, 1511
List the prime factors of 8810.
2, 5, 881
What are the prime factors of 7700?
2, 5, 7, 11
List the prime factors of 18078.
2, 3, 23, 131
List the prime factors of 590.
2, 5, 59
What are the prime factors of 22340?
2, 5, 1117
List the prime factors of 2885.
5, 577
List the prime factors of 31717.
7, 23, 197
What are the prime factors of 1678?
2, 839
What are the prime factors of 1593?
3, 59
What are the prime factors of 707?
7, 101
What are the prime factors of 14314?
2, 17, 421
What are the prime factors of 52218?
2, 3, 967
What are the prime factors of 2814?
2, 3, 7, 67
List the prime factors of 5085.
3, 5, 113
List the prime factors of 1639.
11, 149
List the prime factors of 2737.
7, 17, 23
What are the prime factors of 2448?
2, 3, 17
What are the prime factors of 333?
3, 37
What are the prime factors of 11033?
11, 17, 59
List the prime factors of 72018.
2, 3, 4001
What are the prime factors of 278?
2, 139
What are the prime factors of 72663?
3, 53, 457
What are the prime factors of 2084?
2, 521
List the prime factors of 895.
5, 179
List the prime factors of 9961.
7, 1423
List the prime factors of 141280.
2, 5, 883
What are the prime factors of 3312?
2, 3, 23
What are the prime factors of 52?
2, 13
List the prime factors of 3520.
2, 5, 11
What are the prime factors of 3287?
19, 173
What are the prime factors of 12920?
2, 5, 17, 19
List the prime factors of 13960.
2, 5, 349
List the prime factors of 19709.
19709
What are the prime factors of 490?
2, 5, 7
List the prime factors of 6728.
2, 29
List the prime factors of 2125.
5, 17
List the prime factors of 1241.
17, 73
List the prime factors of 5774.
2, 2887
What are the prime factors of 2600?
2, 5, 13
What are the prime factors of 87285?
3, 5, 11, 23
What are the prime factors of 14833?
7, 13, 163
What are the prime factors of 65769?
3, 11, 1993
List the prime factors of 34466.
2, 19, 907
What are the prime factors of 1143?
3, 127
List the prime factors of 1563.
3, 521
What are the prime factors of 5630?
2, 5, 563
What are the prime factors of 7715?
5, 1543
What are the prime factors of 15432?
2, 3, 643
What are the prime factors of 41340?
2, 3, 5, 13, 53
What are the prime factors of 6519?
3, 41, 53
List the prime factors of 44165.
5, 11, 73
What are the prime factors of 2127?
3, 709
List the prime factors of 17552.
2, 1097
What are the prime factors of 19707?
3, 6569
What are the prime factors of 12136?
2, 37, 41
What are the prime factors of 1602?
2, 3, 89
What are the prime factors of 13733?
31, 443
What are the prime factors of 41183?
41183
What are the prime factors of 1200?
2, 3, 5
What are the prime factors of 11281?
29, 389
What are the prime factors of 28196?
2, 7, 19, 53
What are the prime factors of 550?
2, 5, 11
List the prime factors of 602.
2, 7, 43
What are the prime factors of 948?
2, 3, 79
List the prime factors of 134.
2, 67
List the prime factors of 3480.
2, 3, 5, 29
List the prime factors of 8371.
11, 761
What are the prime factors of 4575?
3, 5, 61
What are the prime factors of 3615?
3, 5, 241
List the prime factors of 2734.
2, 1367
What are the prime factors of 16389?
3, 607
What are the prime factors of 93403?
23, 31, 131
What are the prime factors of 1265?
5, 11, 23
List the prime factors of 408.
2, 3, 17
What are the prime factors of 1090?
2, 5, 109
What are the prime factors of 15592?
2, 1949
What are the prime factors of 773?
773
List the prime factors of 3652.
2, 11, 83
List the prime factors of 6618.
2, 3, 1103
List the prime factors of 11683.
7, 1669
List the prime factors of 88398.
2, 3, 1637
List the prime factors of 965.
5, 193
What are the prime factors of 2198?
2, 7, 157
List the prime factors of 1755.
3, 5, 13
List the prime factors of 10188.
2, 3, 283
What are the prime factors of 24908?
2, 13, 479
List the prime factors of 16291.
11, 1481
List the prime factors of 14441.
7, 2063
List the prime factors of 11992.
2, 1499
List the prime factors of 1053.
3, 13
List the prime factors of 246.
2, 3, 41
List the prime factors of 1687.
7, 241
List the prime factors of 131871.
3, 113, 389
List the prime factors of 40069.
17, 2357
What are the prime factors of 2116?
2, 23
What are the prime factors of 23916?
2, 3, 1993
What are the prime factors of 52145?
5, 10429
What are the prime factors of 3476?
2, 11, 79
What are the prime factors of 1083?
3, 19
What are the prime factors of 1490?
2, 5, 149
What are the prime factors of 18601?
11, 19, 89
List the prime factors of 26214.
2, 3, 17, 257
List the prime factors of 7507.
7507
List the prime factors of 471.
3, 157
What are the prime factors of 62983?
62983
List the prime factors of 79444.
2, 19861
What are the prime factors of 9315?
3, 5, 23
List the prime factors of 2510.
2, 5, 251
List the prime factors of 2867.
47, 61
What are the prime factors of 976?
2, 61
What are the prime factors of 11150?
2, 5, 223
What are the prime factors of 83646?
2, 3, 1549
List the prime factors of 12694.
2, 11, 577
What are the prime factors of 990?
2, 3, 5, 11
What are the prime factors of 19946?
2, 9973
List the prime factors of 35992.
2, 11, 409
List the prime factors of 8947.
23, 389
List the prime factors of 43528.
2, 5441
What are the prime factors of 79389?
3, 8821
What are the prime factors of 57776?
2, 23, 157
List the prime factors of 982.
2, 491
What are the prime factors of 3766?
2, 7, 269
What are the prime factors of 2923?
37, 79
What are the prime factors of 539?
7, 11
What are the prime factors of 43108?
2, 13, 829
List the prime factors of 13635.
3, 5, 101
What ar